r + 5773. What is the remainder when r is divided by 20?
17
Let n = -838 - -880. Let l(w) = -w**3 + 3*w**2 + 4*w - 3. What is the remainder when n is divided by l(3)?
6
Let f = -279 + 298. Suppose 3*m - m - 3*w = 8, 2*m + 4*w = -20. What is the remainder when m/2 + 1*36 is divided by f?
16
Let s(v) = v**3 + 11*v**2 - 7. Let d be s(-10). Suppose 4*k = -3*h + d, -3*h + h + 4*k = -62. Calculate the remainder when h is divided by 11.
9
Let k(d) = -2*d + 23. Let z = 59 - 49. Calculate the remainder when 4 is divided by k(z).
1
Let j(f) = f**3 + 11*f**2 - f - 10. Let n be j(-11). Let u(x) = -2*x + 3. What is the remainder when (-1)/(40/(-102) + n/3) is divided by u(-3)?
8
What is the remainder when (38 - 5 - -16)*1*13 is divided by 32?
29
Let v(b) = -3*b**2 - 85*b + 62. Suppose -2*p = 3*o - 51, 0*p + 4*p - 92 = -4*o. Calculate the remainder when p is divided by v(-29).
2
Suppose 2*h = -3*v + 76, 0 = -2*v + 3*h - 54 + 96. What is the remainder when v is divided by (9/12)/((-1)/(-12))?
6
Let k(a) = a**3 - 8*a**2 - 16*a + 11. Let n be k(10). Let m = n - 46. What is the remainder when m is divided by 4?
1
Let p(n) = 15*n + 812. Calculate the remainder when 64 is divided by p(-53).
13
Let x = 13 + -13. Suppose x*v + 5*v = 55. Calculate the remainder when v is divided by 4.
3
Calculate the remainder when 227 is divided by 84/3 - (-6 - -1).
29
Let p be (1 - (0 - -3))*-2. Let k be (0/(-2) - p) + 4. Suppose k = 3*n + 8 - 26. What is the remainder when 11 is divided by n?
5
Suppose -6*u + 115 = -2*u + 5*x, 4*u + 3*x - 109 = 0. Calculate the remainder when u is divided by 7.
4
Suppose -62 = -3*k - 41. Suppose -4*f + 7 = -3*h, -3*h - 14 = -5*f - h. What is the remainder when (8/2 + 2)*f is divided by k?
3
Let r = 1 + -3. Let b be 96/(-72)*(-9)/(-2). Calculate the remainder when (-101)/r*b/(-3) is divided by 26.
23
Let b be -3 + (-36)/(-3) + -1. Suppose 0 = b*v - 11*v + 27. Let z = v - 2. What is the remainder when 13 is divided by z?
6
Suppose 5*t = 5, 5*t - 15 = 4*k - 90. Let x = k - 12. Suppose -2*a - a = -39. Calculate the remainder when a is divided by x.
5
Let q be (-30)/(-40)*8/3. Let i(k) = -k + 1. Let m be i(q). What is the remainder when 29 is divided by -8*m/(-2 - -3)?
5
Let p(o) = o**2 - 4*o - 6. Suppose -95*r + 85*r + 240 = 0. Calculate the remainder when p(-7) is divided by r.
23
Suppose 2*h - 7 = -s + 1, -4*s + 29 = 5*h. Let q(y) = 4 + 0 - s + 7*y - 1. What is the remainder when 41 is divided by q(2)?
8
What is the remainder when (11 + -88)*20/(-14) is divided by 56?
54
Let h(q) = -q**2 + 10*q + 5. Suppose 2*t - 5*v + 21 = -0*v, 0 = 5*t - 4*v + 10. Let f be ((-6)/t - -15) + -3. What is the remainder when 54 is divided by h(f)?
12
What is the remainder when (4/(-3))/((-2)/87) is divided by ((-20)/(-16))/(3/36)?
13
Let d(r) = -5*r**2 + 19*r + 4. Let f be d(4). Suppose 4*x - o - 231 = f, -5*o = -2*x - 0*o + 129. Calculate the remainder when x is divided by 16.
9
Let k(c) = 2*c**2 - 13*c - 4. Let r be k(5). Let v = -14 - r. What is the remainder when 29 is divided by v?
4
Let t(x) = -x**3 + 13*x**2 + 4*x. Let q be ((-18)/36)/(2/(-52)). Suppose 4*n = 98 - 26. What is the remainder when t(q) is divided by n?
16
Suppose r + 80 = -3*r. Let j = -10 - r. Calculate the remainder when 2*9*(-1)/(-1) is divided by j.
8
Let r = 30 + -31. Let t be 2/((r + 0)*-1). Suppose -t*o + 18 = y - 3, -o - 3*y = -13. Calculate the remainder when 49 is divided by o.
9
Calculate the remainder when (-58)/(-145) - 3/(15/(-568)) is divided by 42.
30
What is the remainder when (18/3 - (5 + 0))*737 is divided by 10?
7
Suppose -4*l = 11 + 5. Let u = 4 + l. What is the remainder when (u - 2)/((-10)/85) is divided by 9?
8
Suppose 11*y + 63 = 14*y. Let f = y + 8. What is the remainder when f is divided by 11?
7
Let c(z) = 6*z**2 - 1. Let f(y) = y + 3. Let u be f(-4). Let o be c(u). Suppose -56 = -o*p + p. What is the remainder when 39 is divided by p?
11
What is the remainder when (-6 + 94)/11 - -1194 is divided by 39?
32
Suppose -2*r + 268 = -2*k, 5*k - 403 = -3*r + 7*k. What is the remainder when r is divided by 5*(2 - (-36)/5)?
43
Suppose -5*r = -5*x - 165, -2*r - 2*x = -7*x - 66. Calculate the remainder when r is divided by 128/7 + 2/(-7).
15
Suppose 0 = 3*u + 2*u + 3*i - 588, -i = -1. What is the remainder when u is divided by (12/(-7))/(2/(-28))?
21
Suppose -10*o = -8*o - 8. Suppose -4*n + 75 = -4*f + n, -5*f - 87 = -o*n. Let c = 36 + f. What is the remainder when c is divided by 6?
3
Suppose x = -4*x + 225. Let r = 27 + -25. Suppose -4*g = 5*d - x, d + 0*g = -r*g + 3. Calculate the remainder when 36 is divided by d.
10
Let k(o) = 47*o**3 - o**2. Suppose 8 = 4*y - 0*y. Suppose -g + y*g - 12 = 0. Calculate the remainder when k(1) is divided by g.
10
Suppose -31 = -11*y + 13. Calculate the remainder when 7 is divided by (-1 - (1 + -1))/(y/(-24)).
1
Suppose 13*l = 8*l + 3*i + 7, 2*l + 4*i = 8. What is the remainder when 7 is divided by l?
1
Let x be 32/20 - -2*3/15. Suppose 0 = 5*a - 5*n - 30, -6 = -a - 0*n + x*n. What is the remainder when 21 is divided by a?
3
Let v be 230/6 + 8/(-6). Suppose -2*w - 3*o = -v, 3*w = w - 5*o + 39. Calculate the remainder when w is divided by 10.
7
Let c = -178 - -204. Calculate the remainder when 301 is divided by c.
15
Let i(g) = 4*g + g**2 - 5*g**2 + 3*g**2. Let t be i(4). What is the remainder when 8 is divided by 1 + t - (4 - 8)?
3
Let f(n) = -n + 14. Suppose 75 - 213 = -3*u + 5*y, 3*y = -3*u + 138. What is the remainder when u is divided by f(6)?
6
Suppose 2*q + 6 = -2*j, -4 = 3*j + q - 5. Suppose -j = 5*a - 37. Suppose -4*d = -5 - a. Calculate the remainder when 7 is divided by d.
1
Suppose 4*q - 5*v = 86, -5*q + 5*v + 127 = 22. What is the remainder when 49 is divided by q?
11
Suppose 3*z + 5 + 10 = 0, -4*z = -3*j - 25. Calculate the remainder when 1603/15 + (14/j)/(-7) is divided by 27.
26
Let a(d) be the third derivative of -19*d**4/12 - 7*d**3/2 - 20*d**2. Calculate the remainder when a(-2) is divided by 7.
6
Let b(i) = i**2 + 6*i - 7. Let j(a) = 4*a + 16 + 6*a + 3*a - 126. Calculate the remainder when b(6) is divided by j(11).
32
What is the remainder when (-1)/((-4)/844) + (3 - 8) is divided by 52?
50
Let c be 14/4*(-8)/(-14). Let j(q) = 35*q + 4. Suppose -3*t + 8*t = 95. Calculate the remainder when j(c) is divided by t.
17
Let i = 305 - 297. What is the remainder when 46 is divided by i?
6
Suppose 0 = -5*v + 520 - 415. What is the remainder when v is divided by 10 + (-4)/(-2) - 0?
9
Let d(w) = w**3 + 8*w**2 + 7*w - 6. Let m be d(-7). Let t(h) = h**2 + 5*h - 5. Let i be t(m). What is the remainder when (-26)/(i/(3/(-6))) is divided by 3?
1
Suppose 90 = 11*i - 31. Suppose -3*c + 19 = -38. Calculate the remainder when c is divided by i.
8
What is the remainder when 1875/18 + 15/(-90) is divided by 53?
51
Suppose 0 = -2*z + z + 6. Suppose 4*r = z*l - 3*l + 82, 0 = 5*r - l - 97. Let m = -97 + 131. What is the remainder when m is divided by r?
15
Let u(b) = 4*b**2 + 17*b + 10. Calculate the remainder when u(-9) is divided by 38.
29
Let u = 1308 - 949. What is the remainder when u is divided by 51?
2
Let p(v) = -2*v**2 + 42*v - 146. What is the remainder when 57 is divided by p(16)?
1
Suppose -r + 2 + 16 = -3*o, -2*r + 2*o = -16. Suppose -8*t - 76 = -4. Let l(u) = -u**3 - 8*u**2 + 10*u + 13. Calculate the remainder when l(t) is divided by r.
1
Calculate the remainder when 187 is divided by 4/(-2 - (-24)/10).
7
Let h be (-4)/(-18) + (-115)/(-9). Let s = h + 2. Let i(r) = -r**2 - 18*r - 68. What is the remainder when s is divided by i(-12)?
3
Let v be ((-4)/(-3))/(22/99). Let m(s) = -2 + v - 2*s - 3*s**3 + 0 + 3*s. What is the remainder when m(-3) is divided by 28?
26
Suppose 21 = -k + 4*k. Suppose -v - 5*p = -6*v - 10, 0 = 5*v + 3*p + 10. What is the remainder when -2 + 1/(5/v)*-65 is divided by k?
3
Let g = 64 - 65. Calculate the remainder when 19 is divided by (-6 - -10)*2 - (-1)/g.
5
Let l(s) = -25*s - 97. What is the remainder when l(-8) is divided by 13?
12
Let f(y) = 2*y + 22*y**2 - 2 - 24*y**2 - 4*y - y**3 + 6*y. What is the remainder when 68 is divided by f(-4)?
12
Let j(q) = -q**2. Let f(g) = 6*g**2 + 6*g + 2. Let z(c) = -f(c) - 5*j(c). What is the remainder when 5 is divided by z(-5)?
2
Let f = -2 + 2. Suppose -6*b - 1 = -13. Su